{"id":492,"date":"2025-09-22T00:07:23","date_gmt":"2025-09-21T22:07:23","guid":{"rendered":"https:\/\/www.horeca.gmbh\/?product=liebherr-efl-3055-gefriertruhe-weiss-mit-lenkrollen-und-led"},"modified":"2025-09-22T00:07:24","modified_gmt":"2025-09-21T22:07:24","slug":"liebherr-efl-3055-gefriertruhe-weiss-mit-lenkrollen-und-led","status":"publish","type":"product","link":"https:\/\/www.horeca.gmbh\/?product=liebherr-efl-3055-gefriertruhe-weiss-mit-lenkrollen-und-led","title":{"rendered":"Liebherr EFL 3055 Gefriertruhe Wei\u00df mit Lenkrollen und LED"},"content":{"rendered":"<p>Liebherr EFL 3055-21 Gefriertruhe Wei\u00df mit Lenkrollen und LED Effizientes K\u00e4ltesystem Aufgrund jahrzehntelanger Erfahrung im Bereich K\u00e4ltetechnik verbunden mit kontinuierlicher Forschung gew\u00e4hrleistet Liebherr die hervorragende Qualit\u00e4t des K\u00e4ltesystems. Die Verwendung hochwertiger Verdichter, Verfl\u00fcssiger, Verdampfer sowie weiterer k\u00e4ltetechnischer Komponenten sorgt sowohl zu einer deutlichen Senkung des Energieverbrauchs als auch zur Senkung der Betriebskosten der Liebherr-Ger\u00e4te. Umweltfreundliches K\u00e4ltemittel Die K\u00e4ltemittel R600a und R 290 sind umweltfreundlich, da sie einen sehr geringen Treibhauseffekt und kein Ozonabbaupotential aufweisen. Diese K\u00e4ltemittel haben deshalb die zuvor verwendete K\u00e4ltemittel R134a und R404a nahezu vollst\u00e4ndig abgel\u00f6st. Alle Liebherr Impuls- und Lagertruhen sind mit R600a oder R 290 ausgef\u00fchrt und zeichnen sich durch hervorragende Energieeffizienz aus, was Ihre CO2-Bilanz verbessert und nachhaltiges Handeln f\u00f6rdert. Hochwertige Deckeldichtung Durch die Flexibilit\u00e4t der Deckeldichtung ist ein gleichm\u00e4\u00dfiger Ger\u00e4te-Verschluss gew\u00e4hrleistet. Somit entweicht keine K\u00e4lte, was zur guten Energieeffizienz der Ger\u00e4te beitr\u00e4gt. Die Dichtung aus extrem widerstandsf\u00e4higem Material ist langlebig, da unempfindlich gegen Temperaturschwankungen. Durch die guten Reinigungseigenschaften ist sie zudem sehr hygienisch.<\/p>\n","protected":false},"excerpt":{"rendered":"<p>Liebherr EFL 3055-21 Gefriertruhe Wei\u00df mit Lenkrollen und LED Effizientes K\u00e4ltesystem Aufgrund jahrzehntelanger Erfahrung im Bereich K\u00e4ltetechnik verbunden mit kontinuierlicher Forschung gew\u00e4hrleistet Liebherr die hervorragende Qualit\u00e4t des K\u00e4ltesystems. Die Verwendung hochwertiger Verdichter, Verfl\u00fcssiger, Verdampfer sowie weiterer k\u00e4ltetechnischer Komponenten sorgt sowohl zu einer deutlichen Senkung des Energieverbrauchs als auch zur Senkung der Betriebskosten der Liebherr-Ger\u00e4te. Umweltfreundliches [&hellip;]<\/p>\n","protected":false},"featured_media":491,"template":"","meta":[],"product_brand":[37],"product_cat":[42],"product_tag":[],"class_list":{"0":"post-492","1":"product","2":"type-product","3":"status-publish","4":"has-post-thumbnail","6":"product_brand-liebherr","7":"product_cat-gefriertruhen","9":"first","10":"instock","11":"shipping-taxable","12":"product-type-external"},"_links":{"self":[{"href":"https:\/\/www.horeca.gmbh\/index.php?rest_route=\/wp\/v2\/product\/492","targetHints":{"allow":["GET"]}}],"collection":[{"href":"https:\/\/www.horeca.gmbh\/index.php?rest_route=\/wp\/v2\/product"}],"about":[{"href":"https:\/\/www.horeca.gmbh\/index.php?rest_route=\/wp\/v2\/types\/product"}],"wp:featuredmedia":[{"embeddable":true,"href":"https:\/\/www.horeca.gmbh\/index.php?rest_route=\/wp\/v2\/media\/491"}],"wp:attachment":[{"href":"https:\/\/www.horeca.gmbh\/index.php?rest_route=%2Fwp%2Fv2%2Fmedia&parent=492"}],"wp:term":[{"taxonomy":"product_brand","embeddable":true,"href":"https:\/\/www.horeca.gmbh\/index.php?rest_route=%2Fwp%2Fv2%2Fproduct_brand&post=492"},{"taxonomy":"product_cat","embeddable":true,"href":"https:\/\/www.horeca.gmbh\/index.php?rest_route=%2Fwp%2Fv2%2Fproduct_cat&post=492"},{"taxonomy":"product_tag","embeddable":true,"href":"https:\/\/www.horeca.gmbh\/index.php?rest_route=%2Fwp%2Fv2%2Fproduct_tag&post=492"}],"curies":[{"name":"wp","href":"https:\/\/api.w.org\/{rel}","templated":true}]}}