{"id":418,"date":"2025-09-22T00:07:05","date_gmt":"2025-09-21T22:07:05","guid":{"rendered":"https:\/\/www.horeca.gmbh\/?product=liebherr-fku-1800-getraenkekuehlschrank-unterbaufaehig-fasskuehler"},"modified":"2025-09-22T00:07:06","modified_gmt":"2025-09-21T22:07:06","slug":"liebherr-fku-1800-getraenkekuehlschrank-unterbaufaehig-fasskuehler","status":"publish","type":"product","link":"https:\/\/www.horeca.gmbh\/?product=liebherr-fku-1800-getraenkekuehlschrank-unterbaufaehig-fasskuehler","title":{"rendered":"Liebherr FKU 1800 Getr\u00e4nkek\u00fchlschrank Unterbauf\u00e4hig Fassk\u00fchler"},"content":{"rendered":"<p>Liebherr FKU 1800-21 Getr\u00e4nkek\u00fchlschrank Unterbauf\u00e4hig Fassk\u00fchler \u00a0 Digitale Temperaturanzeige Die digitale Temperaturanzeige zeigt gradgenau die Innentemperatur des K\u00fchlger\u00e4ts an. Somit k\u00f6nnen sich Betreiber und Nutzer schnell einen \u00dcberblick \u00fcber die Ger\u00e4tetemperatur verschaffen. Wechselbarer T\u00fcranschlag Die Ger\u00e4te sind werksseitig mit rechtem T\u00fcranschlag ausgestattet. Mit der M\u00f6glichkeit den T\u00fcranschlag zu wechseln, kann das Ger\u00e4t immer optimal im Aufstellungsbereich platziert und an individuelle Bed\u00fcrfnisse angepasst werden. Effizientes K\u00e4ltesystem Aufgrund jahrzehntelanger Erfahrung im Bereich K\u00e4ltetechnik verbunden mit kontinuierlicher Forschung gew\u00e4hrleistet Liebherr die hervorragende Qualit\u00e4t des K\u00e4ltesystems. Die Verwendung hochwertiger Verdichter, Verfl\u00fcssiger, Verdampfer sowie weiterer k\u00e4ltetechnischer Komponenten sorgt sowohl zu einer deutlichen Senkung des Energieverbrauchs als auch zur Senkung der Betriebskosten der Liebherr-Ger\u00e4te. Umweltfreundliches K\u00e4ltemittel Die K\u00e4ltemittel R600a und R 290 sind umweltfreundlich, da sie einen sehr geringen Treibhauseffekt und kein Ozonabbaupotential aufweisen. Diese K\u00e4ltemittel haben deshalb die zuvor verwendete K\u00e4ltemittel R134a und R404a nahezu vollst\u00e4ndig abgel\u00f6st. Alle Liebherr Impuls- und Lagertruhen sind mit R600a oder R 290 ausgef\u00fchrt und zeichnen sich durch hervorragende Energieeffizienz aus, was Ihre CO2-Bilanz verbessert und nachhaltiges Handeln f\u00f6rdert. Unterbauf\u00e4hige Modelle Einige Modelle k\u00f6nnen unterhalb einer Arbeitsplatte integriert werden. In diesem Fall ist f\u00fcr die Be- und Entl\u00fcftung an der Ger\u00e4ter\u00fcckseite ein L\u00fcftungsquerschnitt in der Arbeitsplatte von min. 200 cm\u00b2 erforderlich. Wenn in der Arbeitsplatte kein L\u00fcftungsgitter vorgesehen wird, muss die Nischenh\u00f6he mindestens 860 mm betragen um eine ausreichende W\u00e4rmeabgabe nach vorne zu gew\u00e4hrleisten. Besonders bei geringer Stellfl\u00e4che bieten die unterbauf\u00e4higen Modelle eine platzsparende L\u00f6sung.<\/p>\n","protected":false},"excerpt":{"rendered":"<p>Liebherr FKU 1800-21 Getr\u00e4nkek\u00fchlschrank Unterbauf\u00e4hig Fassk\u00fchler \u00a0 Digitale Temperaturanzeige Die digitale Temperaturanzeige zeigt gradgenau die Innentemperatur des K\u00fchlger\u00e4ts an. Somit k\u00f6nnen sich Betreiber und Nutzer schnell einen \u00dcberblick \u00fcber die Ger\u00e4tetemperatur verschaffen. Wechselbarer T\u00fcranschlag Die Ger\u00e4te sind werksseitig mit rechtem T\u00fcranschlag ausgestattet. Mit der M\u00f6glichkeit den T\u00fcranschlag zu wechseln, kann das Ger\u00e4t immer optimal im [&hellip;]<\/p>\n","protected":false},"featured_media":417,"template":"","meta":[],"product_brand":[37],"product_cat":[38],"product_tag":[],"class_list":{"0":"post-418","1":"product","2":"type-product","3":"status-publish","4":"has-post-thumbnail","6":"product_brand-liebherr","7":"product_cat-fasskuehler","9":"first","10":"instock","11":"shipping-taxable","12":"product-type-external"},"_links":{"self":[{"href":"https:\/\/www.horeca.gmbh\/index.php?rest_route=\/wp\/v2\/product\/418","targetHints":{"allow":["GET"]}}],"collection":[{"href":"https:\/\/www.horeca.gmbh\/index.php?rest_route=\/wp\/v2\/product"}],"about":[{"href":"https:\/\/www.horeca.gmbh\/index.php?rest_route=\/wp\/v2\/types\/product"}],"wp:featuredmedia":[{"embeddable":true,"href":"https:\/\/www.horeca.gmbh\/index.php?rest_route=\/wp\/v2\/media\/417"}],"wp:attachment":[{"href":"https:\/\/www.horeca.gmbh\/index.php?rest_route=%2Fwp%2Fv2%2Fmedia&parent=418"}],"wp:term":[{"taxonomy":"product_brand","embeddable":true,"href":"https:\/\/www.horeca.gmbh\/index.php?rest_route=%2Fwp%2Fv2%2Fproduct_brand&post=418"},{"taxonomy":"product_cat","embeddable":true,"href":"https:\/\/www.horeca.gmbh\/index.php?rest_route=%2Fwp%2Fv2%2Fproduct_cat&post=418"},{"taxonomy":"product_tag","embeddable":true,"href":"https:\/\/www.horeca.gmbh\/index.php?rest_route=%2Fwp%2Fv2%2Fproduct_tag&post=418"}],"curies":[{"name":"wp","href":"https:\/\/api.w.org\/{rel}","templated":true}]}}