{"id":266,"date":"2025-09-22T00:06:34","date_gmt":"2025-09-21T22:06:34","guid":{"rendered":"https:\/\/www.horeca.gmbh\/?product=liebherr-ggu-1500-premium-unterbaufaehiger-gefrierschrank-mit-statischer-kuehlung"},"modified":"2025-09-22T00:06:35","modified_gmt":"2025-09-21T22:06:35","slug":"liebherr-ggu-1500-premium-unterbaufaehiger-gefrierschrank-mit-statischer-kuehlung","status":"publish","type":"product","link":"https:\/\/www.horeca.gmbh\/?product=liebherr-ggu-1500-premium-unterbaufaehiger-gefrierschrank-mit-statischer-kuehlung","title":{"rendered":"Liebherr GGU 1500 Premium Unterbauf\u00e4higer Gefrierschrank mit statischer K\u00fchlung"},"content":{"rendered":"<p>Der perfekte Gefrierschrank f\u00fcr kleine K\u00fcchen: Dieses kompakte Raumwunder bietet in seinen drei Schubladen und einer Ablage \u00fcberraschend viel Platz f\u00fcr Lebensmittel \u2013 und macht dabei keine Kompromisse bei der K\u00e4lteleistung. Liebherr GGU 1500 Premium Unterbauf\u00e4higes Gefrierger\u00e4t mit statischer K\u00fchlung \u00a0 Temperatur-Alarm Der integrierte Temperatur-Alarm signalisiert im Falle einer \u00dcber- bzw. Unterschreitung der Alarmgrenzen. Dieser Alarm ist sowohl mit akustischer als auch optischer Signalisierung ausgestattet und sorgt so f\u00fcr maximale Sicherheit der eingelagerten Waren. Wechselbarer T\u00fcranschlag Die Ger\u00e4te sind werksseitig mit rechtem T\u00fcranschlag ausgestattet. Mit der M\u00f6glichkeit den T\u00fcranschlag zu wechseln, kann das Ger\u00e4t immer optimal im Aufstellungsbereich platziert und an individuelle Bed\u00fcrfnisse angepasst werden. Effizientes K\u00e4ltesystem Aufgrund jahrzehntelanger Erfahrung im Bereich K\u00e4ltetechnik verbunden mit kontinuierlicher Forschung gew\u00e4hrleistet Liebherr die hervorragende Qualit\u00e4t des K\u00e4ltesystems. Die Verwendung hochwertiger Verdichter, Verfl\u00fcssiger, Verdampfer sowie weiterer k\u00e4ltetechnischer Komponenten sorgt sowohl zu einer deutlichen Senkung des Energieverbrauchs als auch zur Senkung der Betriebskosten der Liebherr-Ger\u00e4te. Umweltfreundliches K\u00e4ltemittel Die K\u00e4ltemittel R600a und R 290 sind umweltfreundlich, da sie einen sehr geringen Treibhauseffekt und kein Ozonabbaupotential aufweisen. Diese K\u00e4ltemittel haben deshalb die zuvor verwendete K\u00e4ltemittel R134a und R404a nahezu vollst\u00e4ndig abgel\u00f6st. Alle Liebherr Impuls- und Lagertruhen sind mit R600a oder R 290 ausgef\u00fchrt und zeichnen sich durch hervorragende Energieeffizienz aus, was Ihre CO2-Bilanz verbessert und nachhaltiges Handeln f\u00f6rdert.<\/p>\n","protected":false},"excerpt":{"rendered":"<p>Der perfekte Gefrierschrank f\u00fcr kleine K\u00fcchen: Dieses kompakte Raumwunder bietet in seinen drei Schubladen und einer Ablage \u00fcberraschend viel Platz f\u00fcr Lebensmittel \u2013 und macht dabei keine Kompromisse bei der K\u00e4lteleistung. Liebherr GGU 1500 Premium Unterbauf\u00e4higes Gefrierger\u00e4t mit statischer K\u00fchlung \u00a0 Temperatur-Alarm Der integrierte Temperatur-Alarm signalisiert im Falle einer \u00dcber- bzw. Unterschreitung der Alarmgrenzen. Dieser [&hellip;]<\/p>\n","protected":false},"featured_media":265,"template":"","meta":[],"product_brand":[37],"product_cat":[35],"product_tag":[],"class_list":{"0":"post-266","1":"product","2":"type-product","3":"status-publish","4":"has-post-thumbnail","6":"product_brand-liebherr","7":"product_cat-tiefkuehlschraenke","9":"first","10":"instock","11":"shipping-taxable","12":"product-type-external"},"_links":{"self":[{"href":"https:\/\/www.horeca.gmbh\/index.php?rest_route=\/wp\/v2\/product\/266","targetHints":{"allow":["GET"]}}],"collection":[{"href":"https:\/\/www.horeca.gmbh\/index.php?rest_route=\/wp\/v2\/product"}],"about":[{"href":"https:\/\/www.horeca.gmbh\/index.php?rest_route=\/wp\/v2\/types\/product"}],"wp:featuredmedia":[{"embeddable":true,"href":"https:\/\/www.horeca.gmbh\/index.php?rest_route=\/wp\/v2\/media\/265"}],"wp:attachment":[{"href":"https:\/\/www.horeca.gmbh\/index.php?rest_route=%2Fwp%2Fv2%2Fmedia&parent=266"}],"wp:term":[{"taxonomy":"product_brand","embeddable":true,"href":"https:\/\/www.horeca.gmbh\/index.php?rest_route=%2Fwp%2Fv2%2Fproduct_brand&post=266"},{"taxonomy":"product_cat","embeddable":true,"href":"https:\/\/www.horeca.gmbh\/index.php?rest_route=%2Fwp%2Fv2%2Fproduct_cat&post=266"},{"taxonomy":"product_tag","embeddable":true,"href":"https:\/\/www.horeca.gmbh\/index.php?rest_route=%2Fwp%2Fv2%2Fproduct_tag&post=266"}],"curies":[{"name":"wp","href":"https:\/\/api.w.org\/{rel}","templated":true}]}}